What is the value of 0 + 5 + 37 + -35 + -29?
-22
Calculate 1 + (0 - (3 + 1) - -8).
5
What is the value of -3 + (-16 - -1) + -20 + 17 + 1?
-20
(-4 + 36 - (-30 + 39)) + -3
20
Evaluate (-5 + 4 - 6) + -4 + -1 + 4.
-8
-7 + 42 - (13 - 6 - -7)
21
(14 - (-1 - -6 - 13)) + -9
13
Calculate (0 - 7) + -2 + -16 + (10 - 1).
-16
Evaluate 8 - (38 + -23) - -18.
11
Calculate (-7 - (-45 - (-19 - (3 + -12)))) + -5.
23
What is the value of 19 + (-6 - (-6 + -6)) + -22?
3
11 + 4 + 18 - 10
23
Evaluate (-11 - -10 - (-8 + -3)) + 1.
11
What is the value of 3 + 44 + -6 - 21?
20
What is the value of 2 - (4 - (-6 - -14)) - 9?
-3
Calculate (-6 - (-28 + 15)) + -7.
0
What is 5 + 18 + (-4 - 2 - (-17 + 16))?
18
Calculate -4 + 16 + -7 + (1 - -4).
10
(-14 - (-7 - -8)) + 7 + 3
-5
26 + (-27 - -13) + -5
7
Calculate (178 - 184) + 0 + -10.
-16
Evaluate -40 - (-16 - 29) - (1 + 7) - 9.
-12
What is the value of (-7 - -13) + -2 - (-35 + 3) - 1?
35
What is the value of 2 - (-2 - (-1 + 8 - (4 + 5)))?
2
Calculate 5 + -1 - (34 - (25 - 10)).
-15
Calculate 1 - (49 + -21 + -17).
-10
Calculate -5 - 0 - (-13 - (7 + -8)).
7
Calculate 12 + 6 + -13 + 1.
6
Calculate -43 + 47 + -7 + -1.
-4
Evaluate -3 - (-27 - -22 - (-1 + 23) - 3).
27
What is the value of -13 + (4 - -3) + 6 - 7?
-7
What is 8 - (-7 - (-7 - (-4 - -6 - 2)))?
8
What is the value of (52 - (17 - 10)) + -24?
21
What is 8 + -8 + 22 + -14 + 18 + 3?
29
-6 - (-8 - (5 - (3 + -1 + 1)))
4
What is the value of -1 - 0 - (4 - (-1 - -7) - -8)?
-7
What is 55 + -38 - (-1 + 13)?
5
Calculate 16 + 3 + (-19 - 0 - -10) + -3.
7
What is -7 + 15 - 2 - (0 + 11)?
-5
-7 - 3 - 1 - (173 - 182)
-2
What is the value of (-5 - -28) + -2 + -5?
16
What is the value of (-7 - (11 - 9)) + -3 + -2?
-14
Calculate 29 + (3 - 2 - 9).
21
Calculate 8 - (-5 - (-10 + (16 - 0))).
19
What is the value of 6 + (-2 - (-8 - -6)) - (1 + 4)?
1
-3 - 15 - (-36 + 59 + -12)
-29
What is -29 - (-1 - (17 + -30 + 16))?
-25
What is -2 + (0 - -2) + 2 + -4 + 5?
3
What is the value of -5 - (2 - 1 - (-32 + 35))?
-3
7 + 3 + -2 + 0 + -16
-8
What is (51 - (-48 - -92)) + 2 + (-1 - 1)?
7
(3 - 0) + (-30 - (-9 - -12)) + 2
-28
What is 22 + (21 + -56 - -1)?
-12
Calculate 8 + 13 - 6 - 7.
8
What is the value of (-19 - -1 - -8 - -8) + -4?
-6
-7 + 7 - (4 - 1) - (6 - -1)
-10
What is the value of -3 - -1 - (-23 - -25)?
-4
11 - ((25 - -1) + -14)
-1
Calculate -5 + (10 - 4 - -1) + (-2 - -14).
14
-8 + -3 - (0 + -2) - 19
-28
What is 1 - (18 + -3 + -18 - (1 + -13))?
-8
What is 8 + 0 - ((58 + -29 - 38) + 22)?
-5
Calculate (0 - (3 + 1)) + (-10 - (-14 - -5)).
-5
Calculate -7 - -1 - (-52 + 24 - -32).
-10
What is the value of (-11 - (-12 + 16 + -7)) + 7 + 0?
-1
What is (-6 + -8 - 7) + 4 + 6?
-11
Evaluate 12 + 2 - (121 + -91).
-16
1 + (-14 - (-9 - 0)) + -8
-12
Evaluate 4 + -10 + 6 - (3 - (1 - 1)).
-3
What is 14 + 20 + -18 + -19?
-3
What is 10 + -1 + 4 + -146 + 138?
5
Evaluate -12 + -47 + -16 + 43.
-32
Evaluate -2 + -3 + (10 - 0).
5
What is the value of -2 - -4 - ((4 - -18) + -16)?
-4
Calculate 11 + 17 + -19 + (1 - 0).
10
What is the value of (-7 - (5 - 11)) + 0 + 2 - 0?
1
What is the value of 5 - (20 - 15) - (2 - -3)?
-5
What is 3 + -6 + 3 + (179 - 191)?
-12
What is -15 + (3 + (20 - 10) + -4 - 11)?
-17
3 + 0 + (0 - (4 - (-12 + 1)))
-12
What is 0 + -3 + 5 + 11 + 25 + -29?
9
What is the value of -17 + -16 + 32 + 10?
9
What is 14 + (113 + -129 - (2 + -1 - 11))?
8
16 + 2 + (-53 - (-82 + 13))
34
What is 35 + -7 + -189 + 150?
-11
Calculate (-17 - 0) + (16 - (2 - -1 - -7)).
-11
Evaluate (4 + -1 - 14) + (3 - 0).
-8
5 + -1 - (1 + 12 + 0 + -18)
9
Evaluate -79 + 65 - (-2 + -1).
-11
Calculate 15 + (-1 - 10 - -13) - 9.
8
25 + -5 + 1 + -22
-1
Evaluate (-19 - 6) + (1 + (0 - -11) - 7).
-20
Evaluate (6 - 6) + -10 - (-24 + -21).
35
Calculate (-6 - -33 - 33) + (0 + 2 - -13).
9
What is the value of (-25 + 19 - (-11 - -1)) + 28 + -21?
11
Calculate -8 + 0 + 29 + -22 + -3 + 16.
12
Calculate (-8 - (-6 + 9) - 2 - -10) + 18.
15
What is -7 + 3 - -27 - (-20 + (-14 - -35))?
22
0 + 4 + -4 + -8 + 2 - 2
-8
What is the value of 2 + (4 - (17 + -9) - -3)?
1
Evaluate -91 + 103 + (-11 - (-3 - -4)).
0
5 - 3 - (-3 + -15 + 20)
0
Evaluate 131 - 120 - (1 + 1 + 20).
-11
What is the value of 25 + -22 + (8 - (2 - 2))?
11
Calculate 1 - -1 - ((-24 - -62) + -17).
-19
Calculate (3 - -2) + (-1 - -1 - 5) + -4.
-4
What is the value of 0 - -29 - (88 - 112 - -19)?
34
What is the value of -125 + 133 + 0 + 2?
10
What is the value of -2 + (11 - 0) + (2 - (18 + -15))?
8
Evaluate (-1 - 29) + 0 - (-71 - (83 + -160)).
-36
Calculate -2 - -11 - (67 - 70).
12
What is the value of -26 + (58 - 16) + 4?
20
What is the value of -15 + (48 + -8 - 12)?
13
What is the value of (1 - -6) + 0 - (87 + -83)?
3
What is the value of (11 - 38) + 5 - -1 - -1?
-20
Evaluate 7 + (-15 - -25) + (-7 - 2).
8
(34 - 3) + 14 - 19
26
Evaluate (8 - 5 - 25) + 15.
-7
Calculate -5 - (-3 - (1 + 12)).
11
Evaluate 2 + -12 + -1 + 26 + -31 + 4.
-12
Evaluate 0 + 17 + 32 + -22.
27
Evaluate 2 + (10 - 16) - (-20 - -33).
-17
What is 34 - ((-111 - -104) + (12 - 3) + -1)?
33
What is 38 - (-14 - -46 - -17)?
-11
1 + -10 + (-23 - (-4 + -16 + 3))
-15
What is 10 + 1 - (101 - 112)?
22
Evaluate -25 + (23 - (40 - 30)).
-12
14 + (-31 - -4) + 1
-12
What is the value of 9 + -26 + 28 + -2?
9
What is -1 + -15 + 683 + -686?
-19
Evaluate -23 - 0 - (1194 - 1258).
41
What is 16 + (-13 + 1 - (-127 - -107))?
24
Calculate 1 + (-14 - -22 - 0) + 4.
13
Calculate 1 - -1 - (18 + 27 + -48).
5
(-202 - -208) + (3 - (-1 - -1))
9
What is (3 - 12) + 5 + (4 - 15)?
-15
(2 - -6) + (11 - 17 - -11)
13
Calculate 24 + 1 + -27 - 17.
-19
-17 + -3 + -12 + 26
-6
Calculate (-3 - (-5 + -3 + -27) - 10) + 1.
23
Calculate -23 + -2 + (138 - 124).
-11
-4 + 2 - (4 + -11 + 0 - 14)
19
What is the value of 22 - ((-7 - -25) + 23)?
-19
What is the value of (2 - -16 - 17) + -27?
-26
Evaluate -14 - (22 - 49 - -10).
3
-1 + (-1 - -9) + (3 - (-19 + 27))
2
Calculate (-2 - (-12 - -8 - 3)) + (0 - 11).
-6
What is the value of 5 + -2 + -27 + (23 - 16)?
-17
What is 21 - (-28 - (-30 + -6))?
13
Calculate 81 + -80 - (-37 - -14).
24
Evaluate -11 + (-20 - -34) - -23.
26
What is 42 + -10 + -4 + -14 + -10?
4
Evaluate (2 - -10) + -5 - (-9 + 0).
16
Calculate -1 - 4 - (-77 - -48).
24
-21 + 3 + (14 - 4) + -3
-11
-2 + (1 - -17) + -18
-2
Calculate (-3 + -13 - -7) + 12 - 27.
-24
-1 - (-6 - (2 + 1 + -9))
-1
Calculate -5 + (10 - (17 - 8) - 2).
-6
What is 177 + -181 - (0 - 15) - (1 + 0)?
10
(-19 - -29) + -11 + 14
13
What is the value of -1 - (32 + -32 - (1 - -1) - 5)?
6
What is 7 + -52 + 1 + (-29 - -29) + 9?
-35
-6 + 10 + (10 - 7 - (1 - -9))
-3
What is -4 + -74 + 338 + -296?
-36
What is the value of -18 + 38 - 14 - 25?
-19
Evaluate (28 + -4 + -13 - -11) + -5.
17
41 - (-61 + 28 - -60)
14
Evaluate -44 + (6 - 3) + (294 - 287).
-34
Calculate (-2 - -4) + -2 + 2 + 345 + -343.
4
What is 28 + -44 + 43 + (1 - 6)?
22
What is the value of -3 + -6 + 24 + -10?
5
Calculate 6 + (-14 - (11 + -52)).
33
Evaluate -13 - (-5 - 4 - 10).
6
Calculate (12 + 8 - -2) + -10 + -4.
8
Calculate 15 + (-32 - (-16 + 4)).
-5
(-18 - -3) + 10 + -3 + -5 + 9
-4
What is (6 - 12 - 5) + (-17 - -44)?
16
-1 + 4 - ((-14 - 7) + 12)
12
Calculate -215 - -231 - (24 + -1).
-7
Calculate (-3 - -4 - 12) + -3 - (-3 - -8).
-19
What is 11 + -1 + -16 - (3 + -18)?
9
2 - (-10 + -7 + -11 + 36)
-6
What is the value of -1 + -12 + 3 + 15 + -18?
-13
What is 22 + -10 + 2 - 13?
1
What is -1 - -26 - (190 - 204 - (-18 + -1))?
20
What is the value of (-1 + 1 - -7 - 5) + -6?
-4
Calculate -12 - (6 + -4 + -15).
1
Calculate -3 + 2 + -11 + 12 - (0 + 12).
-12
-40 - -15 - (-13 + -22)
10
What is 2 - (-8 + 7 + -4 + 4)?
3
What is 2 - 7 - 2 - (290 - 303) - -6?
12
What is 25 + -4 + -9 + -5?
7
What is (-80 - -57) + 1 + 15?
-7
What is 0 + -9 + 0 + 2 + 17 + 4?
14
Calculate (-7 - -17 - 9 - -11) + 17.
29
Calculate -22 + 41 + 0 + -38.
-19
What is the value of -25 + 36 + -7 + -1 - (2 - -3)?
-2
What is 1 + -9 + -1 + -9 + (21 - 8)?
-5
(-5 - 5) + (-5 - -3) + 8 - -6
2
Calculate 6 + -10 + (3 - -3).
2
(-49 - -17) + 44 + -2
10
What is the value of (4 - -2 - (-8 + 11)) + -8?
-5
Calculate -15 - -18 - 11 - -1.
-7
What is the value of (67 - (23 - -53)) + (1 - 12)?
-20
What is the value of 8 + (-19 + 11 + 0 - -8) + -32?
-24
Evaluate (-2 - (10 + -1 + -14)) + -3 + -1.
-1
What is the value of 20 - (1 + 24) - 21?
-26
